2 - -54673)/(9 - 8) a composite number?
True
Let o(w) = 19*w**2 - 9*w + w**3 + 23 - 2*w - 6. Let a be o(-21). Let f = 2209 - a. Is f a prime number?
True
Suppose 0 = -7*b + 15240 + 8161. Let m = b - 1452. Is m a prime number?
False
Let q be -3 + -2*(-3 - -9). Is q/(-60) + (-18921)/(-12) a prime number?
False
Is (-26862068)/(-230)*35/14 composite?
False
Suppose -465509 = -577*i + 566*i. Is i a composite number?
True
Suppose -47*n + 4*k = -50*n + 587619, -n - k + 195875 = 0. Is n composite?
True
Suppose -114*x = 4*b - 109*x - 771888, 0 = 2*b - x - 385930. Is b a prime number?
False
Let d(l) = 5*l**2 + 5*l + 4. Let m = -30 + 27. Let c be d(m). Suppose 2*f = 3*w + c, 16 = -6*w + 2*w. Is f a prime number?
True
Suppose -157*x + 61655142 + 43921720 = 23051225. Is x composite?
False
Suppose -6*w - 54 = -12*w. Suppose w*q + 0*q = 130023. Is q prime?
True
Let y be 6*(317 - -4)*4/(-8). Let c = -514 - y. Is c a prime number?
True
Let g = -759 + 762. Is 6*43459/(-26)*g/(-3) composite?
True
Let n(b) = -7*b**2 + 29*b - 11. Let t(y) = -3*y**2 + 14*y - 6. Let r(w) = -3*n(w) + 5*t(w). Let d(v) = 4*v - 8. Let h be d(4). Is r(h) a composite number?
False
Suppose 6*t + 23115880 = 17*t + 29*t. Is t a prime number?
True
Let j = -8831 + 14562. Let x be 1/((-3)/3) + j. Let t = -3883 + x. Is t a composite number?
False
Let u(y) be the third derivative of -y**6/120 + 11*y**5/60 - 11*y**4/24 + 4*y**3/3 - 46*y**2. Suppose -4 = -f + 3. Is u(f) a prime number?
True
Let z be (-6 + 0 - -20)/(2/1712). Suppose -b - 21354 = -5*l, -3*l + 830 + z = b. Is l a prime number?
True
Is -4 + 0 + (6 + -3 + -8)*-4413 composite?
True
Suppose 61*g = -223*g + 88826416 - 17369460. Is g composite?
False
Let c = 1987063 - 956144. Is c a composite number?
False
Let n(o) = -12 - 18*o**2 + 19*o - 14 + 11 - 14 + o**3. Let p be n(17). Suppose -2*s - 3560 = -4*d, -p*d + s = 3*s - 4441. Is d composite?
True
Suppose h - 3*m + 7*m - 2326 = 0, -3*h - 4*m + 6962 = 0. Let p(v) = 29*v - 16. Let s be p(-7). Let o = s + h. Is o a composite number?
False
Suppose -i + 1224 = -8*t + 7*t, 3*i = t + 3674. Suppose 1843 = 3*d - 4*g - 0*g, 2*d - i = -g. Is d prime?
True
Let x be (12 - (-192)/(-20))*(-10)/(-4). Let i(m) = 38*m**3 + 3*m**2 - 7*m + 5. Is i(x) prime?
False
Let x be -6 + 24/8 + 7/1. Let k be (0 - 5)*x/(-10). Suppose 5*h - 1808 = k*f - 6*f, f - 3*h = 435. Is f a prime number?
False
Let l(z) = -239*z - 57. Let t be l(-17). Let x = -1301 + t. Is x composite?
True
Let c be ((-35)/(-10) + -4)/(1/2). Is 251/((-3 + c)/(-44)) a prime number?
False
Is ((-84)/(-84))/(2/213046) prime?
False
Is 76/(-44) + 2 + (-44100022)/(-649) prime?
False
Is (76/8 + -10)*-77782 prime?
True
Suppose z = 2*k, 2*k + 3 - 51 = -5*z. Suppose -g = -z*g + 14. Suppose -g*w + 902 = 196. Is w a composite number?
False
Let g be -2*4*(-5)/40. Is -3*(g + 1458)/(3 - 6) a composite number?
False
Suppose -4*i - 72 = -7*i. Let z be 39510/i + 9/12. Let h = z + 454. Is h composite?
True
Suppose -4*a + 7*a = -n + 92557, 3*n = 2*a + 277649. Is n prime?
True
Let w = -128 + 133. Suppose p = 5*d + 5*p - 59271, -w*d - 2*p + 59263 = 0. Is d prime?
False
Suppose 30 = 9*o + 3. Suppose -2*b - b + o = 0. Is (1437/3)/(1 - (b + -1)) a prime number?
True
Is 9884 - -5*169/65 composite?
True
Let k(h) = 8*h - 326 + 89*h + 11*h + 9*h. Is k(27) a prime number?
True
Is (4812126/(-231))/((-8)/28) a composite number?
False
Let z(l) = -l - 8. Let r(h) = 4*h + 31. Let g(d) = -6*r(d) - 22*z(d). Let m be g(3). Is (-3)/24 + (8730/m)/(-5) a composite number?
False
Suppose -28778 = j - 334333. Suppose -28*q = -j - 170753. Is q composite?
False
Suppose 5*y = 886 + 26834. Let f = y + -1231. Suppose -7*g + 958 + f = 0. Is g prime?
False
Suppose 6*a - 137 = -11. Let l be (16/(-48))/(1/a). Is ((-1345)/(-2))/(4 - l/(-2)) a composite number?
True
Let t(s) = 6440*s**2 - 564*s - 5709. Is t(-10) composite?
True
Suppose -19*a - 12*a = -31. Let y(z) be the second derivative of 733*z**3/3 + 5*z**2/2 - z. Is y(a) prime?
True
Let h(g) = 1037*g - 1714. Is h(21) composite?
False
Suppose -d - 12 = -2*m, 60 = -5*d + 5*m + 10. Let l be 1 + 1 + -1 + (-33560)/d. Suppose -5*z = -z - l. Is z prime?
True
Let f be (2317/(-476) + (-2)/(-17))*-4. Suppose -53424 = -f*u + 11689. Is u a composite number?
True
Suppose 7*s - 23 = 19. Let c(n) = n**3 - 5*n**2 + n - 22. Let b be c(s). Is (-2)/((b/(-8354))/5) a prime number?
True
Let u = 141 - 70. Let k = 76 - u. Suppose 98 - k = 3*c. Is c prime?
True
Let a = 74 + -68. Is a/33 - (-1639719)/99 a composite number?
True
Suppose -50673 + 10603 = -y - 2119. Is y composite?
False
Let a(n) = n**3 - 4*n**2 - 2*n - 11. Let q be a(5). Let t(i) = 32*i**3 + 5*i**2 + 6. Let r be t(q). Suppose 8*m - r = 6*m. Is m composite?
True
Let p be (-6)/(-8) - 249634/(-8). Let w = 49258 - p. Is w composite?
True
Let z be -1 + (-9680)/24*3. Suppose -90 = -2*v + 1634. Let u = v - z. Is u prime?
False
Is 12*12/36 + 5 - -1894954 prime?
False
Let y = -53 + 57. Suppose 45*i - a = 40*i + 10500, -y*i - 4*a + 8376 = 0. Is i a prime number?
True
Let i(t) = 7*t**3 + t + 1. Let v be i(-4). Let p = 1548 + v. Is p a composite number?
False
Let t = 6188 - 3005. Let g = 156 + 26. Let q = g + t. Is q composite?
True
Suppose -49 = -9*b - 166. Let z(m) = -47*m + 32. Let l be z(b). Suppose 3*d - 2*r + 6*r = l, -832 = -4*d + r. Is d a prime number?
False
Suppose -u - 2 = 0, 3*u = z + u - 12. Let f(p) = p**2 - 5*p - 20. Let i be f(z). Suppose i*n + n - 955 = 0. Is n a prime number?
True
Suppose -18*s + 17*s = -4*b + 241966, 0 = 4*b + 2*s - 241984. Is b a prime number?
True
Let h = -178 - -186. Is -3 + h - -16752 - 4 a prime number?
False
Let o(q) = 600*q**2 - 827*q - 7. Is o(-24) prime?
True
Suppose 30 = -5*i, -3*q - 5*i + 392351 = -2*q. Is q composite?
True
Let h(l) be the third derivative of -l**4/4 - 25*l**3/6 + 6*l**2. Let c be h(-5). Suppose -4*r = 2*q - 392, -384 = -c*r + r + 2*q. Is r composite?
False
Let z(j) = -j**2 + 7*j + 11. Let m be z(8). Let u be (437 - -1) + (-2)/((-6)/m). Suppose -10*f + 5181 = -u. Is f a prime number?
False
Suppose -4*l + 6*l - 4 = 0. Suppose 4*q - 1326 = -l*n, -q - 4*q + 5*n = -1650. Is q a composite number?
False
Let a be ((-24)/(-15))/((-20)/50) + 2302. Let c = 10439 - a. Is c a prime number?
False
Let n = 249999 + -7010. Is n composite?
False
Is 1 + -1 + 82364 + -235 a composite number?
False
Suppose 47*p - 4*u - 63881 = 46*p, -5*p = 3*u - 319382. Is p a composite number?
True
Let r(v) = -5*v**3 + 25*v**2 - 21*v + 3. Let g(q) = -q**3 + q**2 + q - 1. Let k(b) = 6*g(b) - r(b). Is k(-32) a prime number?
False
Let f be (5/(-4))/(8/(-93760)). Suppose 5*p + 5*q = q + 24419, 3*p = -q + f. Is p composite?
True
Let m be (0 + 2)/(3/14232). Suppose -7*o + m = o. Is o composite?
True
Let r be (79012/(-12))/((-11)/198). Suppose 0*p = -3*p - 3*l + r, -l = -3. Is p composite?
False
Let d be (-6 - -8) + (-4 - 9156) + 5. Let q = d - -14476. Is q a prime number?
True
Is (-2)/(36/(-3699022)) - (-47)/(10575/(-50)) a prime number?
False
Let y = -22605 + 158371. Suppose -y - 9682 = -8*a. Is a a prime number?
True
Let w(x) be the first derivative of x**6/45 + 5*x**4/24 - 22*x**3/3 - 45. Let k(r) be the third derivative of w(r). Is k(6) a composite number?
False
Let x(p) = 197*p**2 + 4*p - 372. Is x(-13) a composite number?
False
Let i(n) = -3 + 4 + 8 - n + 12. Let j be i(13). Is 135 - 0 - (-7)/(-28)*j a prime number?
False
Let f(i) = 88*i**3 - 4*i**2 - 14*i + 27. Let v(j) = -6*j + 22. Let y be v(3). Is f(y) prime?
False
Suppose 2*v = 7 + 33. Suppose v + 12 = -2*w. Is (1 - -1) + (w - -71) composite?
True
Suppose 2*s + 4*q = 3634090, -s = -4*s - 3*q + 5451162. Is s prime?
True
Suppose 28*g - 651247 = 585205. Is g a prime number?
True
Is (1/2)/((-33)/(-463790844)*6) composite?
False
Let n be ((-16)/1)/(-4) - 67734. Let y be 4 - ((-5)/40 - n/16). Let l = 6450 + y. Is l prime?
True
Let i = 80959 - 29210. Is i a composite number?
False
Suppose 0*w = 38*w - 329536. Let z = w + -4089. Is z prime?
True
Let z = 19 + -14. Suppose 11*n - 7566 = z*n. Is n a composite number?
True
Let p = 21216 + -11351. Is p prime?
False
Suppose -4*o - 858569 = -3*v, -257995 - 28239 = -v - 5*o. Is v a prime number?
True
Let j(y) = y**3 + y**2 - 12. Let w be j(0). Let o be w/18*6/4. Let p(d) = -220*d - 6. Is p(o) a composit